?
2
What is the hundreds digit of 13555337?
3
What is the ten thousands digit of 14876676?
7
What is the hundreds digit of 174738?
7
What is the hundreds digit of 2267462?
4
What is the ten thousands digit of 2272029?
7
What is the thousands digit of 2519295?
9
What is the hundreds digit of 64899?
8
What is the tens digit of 122051?
5
What is the thousands digit of 857853?
7
What is the thousands digit of 93594?
3
What is the hundred thousands digit of 426019?
4
What is the thousands digit of 59358?
9
What is the thousands digit of 3317?
3
What is the units digit of 21380050?
0
What is the hundred thousands digit of 727983?
7
What is the hundred thousands digit of 147314?
1
What is the hundred thousands digit of 3240994?
2
What is the hundreds digit of 1959749?
7
What is the hundred thousands digit of 1654675?
6
What is the ten thousands digit of 25908956?
0
What is the thousands digit of 413718?
3
What is the tens digit of 9718428?
2
What is the hundreds digit of 3367405?
4
What is the hundreds digit of 815298?
2
What is the thousands digit of 3865544?
5
What is the units digit of 1218063?
3
What is the hundred thousands digit of 671462?
6
What is the units digit of 30539?
9
What is the thousands digit of 13755164?
5
What is the millions digit of 4010167?
4
What is the ten thousands digit of 207960?
0
What is the tens digit of 1669587?
8
What is the units digit of 19814931?
1
What is the tens digit of 87045?
4
What is the ten thousands digit of 2019865?
1
What is the tens digit of 2188141?
4
What is the tens digit of 16545967?
6
What is the hundred thousands digit of 3415782?
4
What is the hundreds digit of 1189662?
6
What is the tens digit of 8091626?
2
What is the hundreds digit of 1065533?
5
What is the units digit of 116138?
8
What is the tens digit of 16575482?
8
What is the hundred thousands digit of 9023006?
0
What is the ten thousands digit of 1479549?
7
What is the thousands digit of 941595?
1
What is the hundreds digit of 53974?
9
What is the units digit of 9785179?
9
What is the hundreds digit of 1447499?
4
What is the ten thousands digit of 12295873?
9
What is the ten thousands digit of 502563?
0
What is the ten thousands digit of 268575?
6
What is the ten thousands digit of 11908446?
0
What is the thousands digit of 1260597?
0
What is the hundred thousands digit of 1023704?
0
What is the ten thousands digit of 54014?
5
What is the thousands digit of 165766?
5
What is the units digit of 2853006?
6
What is the hundreds digit of 2679671?
6
What is the hundreds digit of 406896?
8
What is the thousands digit of 4887483?
7
What is the thousands digit of 215067?
5
What is the tens digit of 105232?
3
What is the units digit of 211668?
8
What is the units digit of 680816?
6
What is the ten thousands digit of 160310?
6
What is the hundreds digit of 344057?
0
What is the ten thousands digit of 27464?
2
What is the tens digit of 2487028?
2
What is the ten thousands digit of 3997424?
9
What is the hundred thousands digit of 42074959?
0
What is the ten thousands digit of 6178032?
7
What is the millions digit of 18769398?
8
What is the tens digit of 114581?
8
What is the thousands digit of 851662?
1
What is the tens digit of 22307?
0
What is the tens digit of 1394624?
2
What is the ten thousands digit of 35936?
3
What is the thousands digit of 56443?
6
What is the tens digit of 15911135?
3
What is the thousands digit of 3273430?
3
What is the units digit of 29522922?
2
What is the tens digit of 7273215?
1
What is the ten thousands digit of 68025?
6
What is the ten thousands digit of 1309680?
0
What is the hundreds digit of 377673?
6
What is the hundreds digit of 248524?
5
What is the hundred thousands digit of 155214?
1
What is the tens digit of 319608?
0
What is the ten thousands digit of 108230?
0
What is the ten millions digit of 12061325?
1
What is the ten thousands digit of 116879?
1
What is the millions digit of 8067777?
8
What is the ten thousands digit of 645983?
4
What is the tens digit of 10051036?
3
What is the ten millions digit of 14227465?
1
What is the hundred thousands digit of 2021054?
0
What is the thousands digit of 326090?
6
What is the thousands digit of 657081?
7
What is the ten thousands digit of 318761?
1
What is the hundred thousands digit of 38302077?
3
What is the thousands digit of 2592785?
2
What is the hundreds digit of 228337?
3
What is the hundred thousands digit of 2552467?
5
What is the tens digit of 6931?
3
What is the hundred thousands digit of 3443318?
4
What is the tens digit of 328910?
1
What is the thousands digit of 1829915?
9
What is the tens digit of 217590?
9
What is the hundred thousands digit of 135047?
1
What is the units digit of 132504?
4
What is the millions digit of 1607084?
1
What is the thousands digit of 719723?
9
What is the thousands digit of 1939415?
9
What is the thousands digit of 2875816?
5
What is the units digit of 1099057?
7
What is the thousands digit of 214045?
4
What is the thousands digit of 8253?
8
What is the tens digit of 4641326?
2
What is the ten thousands digit of 669257?
6
What is the tens digit of 1850357?
5
What is the hundreds digit of 4549980?
9
What is the ten thousands digit of 820094?
2
What is the units digit of 1207340?
0
What is the ten thousands digit of 1774433?
7
What is the tens digit of 570658?
5
What is the thousands digit of 2789105?
9
What is the thousands digit of 1349092?
9
What is the units digit of 73492?
2
What is the millions digit of 5846008?
5
What is the units digit of 3498240?
0
What is the ten thousands digit of 10373468?
7
What is the units digit of 505691?
1
What is the millions digit of 1716116?
1
What is the tens digit of 2402503?
0
What is the hundreds digit of 20220206?
2
What is the hundreds digit of 5379560?
5
What is the millions digit of 9391760?
9
What is the hundreds digit of 3348?
3
What is the millions digit of 1374282?
1
What is the thousands digit of 11333153?
3
What is the units digit of 524369?
9
What is the tens digit of 230725?
2
What is the units digit of 241441?
1
What is the hundred thousands digit of 168463?
1
What is the units digit of 236684?
4
What is the hundred thousands digit of 404488?
4
What is the hundreds digit of 10298434?
4
What is the ten thousands digit of 2695231?
9
What is the hundred thousands digit of 9193012?
1
What is the tens digit of 40821852?
5
What is the thousands digit of 224522?
4
What is the units digit of 130927?
7
What is the hundred thousands digit of 166547?
1
What is the thousands digit of 24823034?
3
What is the ten thousands digit of 10930482?
3
What is the ten thousands digit of 614073?
1
What is the millions digit of 1548252?
1
What is the units digit of 6561935?
5
What is the tens digit of 1483884?
8
What is the tens digit of 26964377?
7
What is the hundred thousands digit of 177296?
1
What is the units digit of 9596690?
0
What is the units digit of 71337?
7
What is the hundred thousands digit of 3040688?
0
What is the ten thousands digit of 1029421?
2
What is the hundred thousands digit of 229691?
2
What is the thousands digit of 387944?
7
What is the thousands digit of 6702224?
2
What is the thousands digit of 344703?
4
What is the hundreds digit of 336930?
9
What is the thousands digit of 1184343?
4
What is the ten thousands digit of 8246166?
4
What is the hundred thousands digit of 105986?
1
What is the hundreds digit of 5833351?
3
What is the thousands digit of 204606?
4
What is the ten thousands digit of 10449997?
4
What is the millions digit of 2388213?
2
What is the thousands digit of 15521271?
1
What is the units digit of 68351?
1
What is the hundred thousands digit of 236554?
2
What is the tens digit of 16771?
7
What is the tens digit of 149651?
5
What is the ten thousands digit of 2320344?
2
What is the units digit of 5677163?
3
What is the tens digit of 950407?
0
What is the ten thousands digit of 711724?
1
What is the units digit of 1503969?
9
What is the millions digit of 4232898?
4
What is the thousands digit of 105734?
5
What is the tens digit of 5718156?
5
What is the ten thousands digit of 939955?
3
What is the hundreds digit of 66469?
4
What is the ten thousands digit of 378644?
7
What is the hundreds digit of 14585685?
6
What is the ten thousands digit of 14